Let w(r) be the second derivative of -r**5/20 - r**4/3 + 7*r**3/6 + 3*r**2 + r + 24766. Suppose 0 = -l + 2*i + 1, 5*l = 4*i - 0*i - 13. What is w(l)?
-4
Let r = -495/32 + 7433/480. Let p(s) be the third derivative of -32*s**2 - 1/12*s**4 - r*s**5 - 1/6*s**3 + 0*s + 0. Determine p(3).
-16
Let y(z) = -8 - 10012*z**2 - 23*z + 5007*z**2 + 5010*z**2 + 24. What is y(4)?
4
Let r(n) = n**3 - 4*n**2 - 26. Suppose 1476 = 12*d + 1416. Give r(d).
-1
Let a(w) = -15*w + 9. Let r be -5 + (13/7 - -2) - (-7)/49. Calculate a(r).
24
Let f(i) = 2*i**2 + 8*i + 5. Suppose 63*a = 389 - 641. What is f(a)?
5
Let q(w) = 2*w**2 + 17*w - 7. Let j(y) = y**2 - 74*y + 1163. Let r be j(23). What is q(r)?
23
Let c(s) = -2*s + 1. Let x(z) = -z**3 + 4*z**2 + 2*z - 6. Let v be x(2). Let p(b) = -7*b + v*b - 21 + 0*b. Let g be p(-22). Determine c(g).
-1
Suppose 39*c - 25*c = 3 + 53. Let i(j) be the second derivative of -3/2*j**2 + 7/6*j**3 - 11*j - 1/6*j**c + 0. What is i(5)?
-18
Let t be (-3)/9 + 44/6. Let m(r) be the first derivative of -3*r**2 - 2*r + 5592. Calculate m(t).
-44
Let u(b) be the third derivative of b**4/8 - b**3/3 + b**2. Let l(i) = -6*i**2 - 85*i - 30. Let f be l(-15). Let w = -102 - f. Calculate u(w).
7
Let j(l) = -2*l + 3. Suppose 2*p - 9*q + 8*q - 28 = 0, 3*p - 5*q = 35. Suppose 5*k - 15 = -39*v + 36*v, 0 = -3*v - 3*k + p. What is j(v)?
-7
Suppose -2*h - 109 = 29. Let o = h - -99. Let q(z) = -60*z + 32*z + o*z + 14. Determine q(-10).
-6
Let q = -497 - -539. Suppose 14*h = -7*h - q. Let g(i) = 3*i**3 + 3*i + 3. What is g(h)?
-27
Let h(w) be the third derivative of -w**5/30 + 7*w**4/6 + 5*w**3/6 + 67*w**2 - 7*w. Give h(13).
31
Let z(s) = -2*s**3 + 4*s**2 - 4*s + 22. Suppose 34*d = 35*d - 3. Let b(q) = -3*q**3 + 9*q**2 - 8*q + 39. Let n(f) = d*b(f) - 5*z(f). Determine n(-8).
-25
Let i be (7 - 6)/((-1)/2). Let s(f) = 5*f - 7*f - f - f + 2*f - f**2 - 3. What is s(i)?
-3
Let p be -1 + -11 - (0 - 0). Let l be 20/p*(3 + 1*-6). Let w(d) = d - 1. Calculate w(l).
4
Let r(t) = 17*t - 10*t**2 - 16*t - 4*t**2 + 21*t**2 - 9*t**2. Let v(g) = 6*g**2 - 2*g. Let u be v(1). Suppose u*n = 4*l - 16, l - 4*n = 5*l - 8. What is r(l)?
-15
Suppose -2*j + 17 = 9*s - 4*s, -2*j + s + 35 = 0. Suppose -w + 5*a - 20 = 10*a, j = 3*w - 4*a. Let u(l) = -l + 4. Determine u(w).
4
Let l(r) = 7*r**2 + 63*r - 62. Let k(f) = -14*f**2 - 126*f + 114. Let w(g) = 6*k(g) + 11*l(g). Give w(-9).
2
Let d(i) = 2*i**3 - 63*i**2 - 45*i + 429. Let v be d(32). Let z(s) = -s**2 + 16*s + 18. Calculate z(v).
57
Let g be (-11)/(-3) - 8/12. Let l(w) = -24 + 49 - 18 - 3*w. Let v be l(g). Let j(k) = 3*k**2 + k + 2. Determine j(v).
12
Let c = -12 + 7. Let t(l) = 5*l - 141. Let n be t(29). Let x(r) = 0*r - n*r**2 - 2*r**2 + 13*r - r**2 + 8*r**2 + 7. Determine x(c).
-33
Let v(s) = -s**3 + 14*s**2 + 12*s. Suppose -149 = -40*j + 451. Calculate v(j).
-45
Suppose -27*r + 16*r = -286. Suppose -r*g + 109 = -47. Let t(a) = a. Calculate t(g).
6
Let p(d) = 9*d + 34. Let z(y) = -9*y - 34. Let u(c) = 5*p(c) + 6*z(c). Let q be u(-9). Let t(g) = -q*g + 26*g + 25*g. Calculate t(5).
20
Let h = -38380 + 38386. Let q(n) = 5*n**3 + 5*n**2 + 10*n + 4. Let o(i) = -i**3 - i - 1. Let b(k) = -6*o(k) - q(k). Determine b(h).
14
Let m = 1131 + -1129. Let v be -6*2/(-6)*-4. Let w be (m/v)/(4/(-16)). Let h(d) = 8*d + 1. What is h(w)?
9
Let g(i) = -i**2 + 12*i + 18. Let r = 801 - 788. Give g(r).
5
Suppose 4*g - 28 + 8 = 0. Let l be (4/g)/(12/30). Let d(s) = -7*s**2 - s - 10*s**2 - 7*s**2 + 27*s**2. Give d(l).
10
Let c(m) = -m**3 + 8*m**2 - 13*m - 6. Let y(g) = 4*g**3 - 25*g**2 + 41*g + 18. Let s(r) = 7*c(r) + 2*y(r). Give s(-6).
48
Let c be 3*(-2)/((-24)/508). Suppose -3*f - 3*k + 60 = 0, 9*f = 4*f + 4*k + c. Let v(d) = 73*d - 23*d - 26*d - f*d. Determine v(2).
2
Let v(u) = -u**3 + 7*u**2 - 5*u - 7. Let t be v(6). Let k(h) be the first derivative of -17*h**4/4 + 1649. What is k(t)?
17
Let v be (6/(-10))/((-12)/40). Let b be -1*(v - -1) + 5. Let d(o) = -6 - b + 17 + 2*o. What is d(-7)?
-5
Let f(t) = 240*t - 1436. Let x be f(6). Let d(n) = 4*n**2 - 18*n + 8. Calculate d(x).
0
Let k(b) be the first derivative of 13*b**2/2 + 99*b - 2205. Calculate k(-8).
-5
Let r(y) = 62*y**2 - 323*y - 199. Let f(i) = i**2 + 108. Let o(q) = -2*f(q) - r(q). Give o(5).
-2
Suppose 0 = 4*s - 187 + 207. Suppose 5*k + 3*f + 17 = 62, 55 = 5*k + 5*f. Let u(v) = -4*v**2 + 13 - k + 4*v**3 + 4*v - 5*v**3. What is u(s)?
12
Let y(g) = 2*g**2 + 3*g. Let v(j) = -4*j**2 + 7*j + 11. Let d(i) = -v(i) - 3*y(i). Determine d(-6).
13
Suppose -6*w + 11 + 7 = 0. Suppose 4*k + f = 34, w*f - 19 = -k + 8*f. Let j(y) = -y**2 + 10*y - 9. What is j(k)?
0
Let m(j) = 2*j - 1. Let q(y) = 3 - 2 - 3087*y + 3085*y. Let i(p) = 3*m(p) + 4*q(p). What is i(1)?
-1
Let l(o) = -2*o**2 - 35*o + 39. Let z be l(-18). Let b(t) = t - 4*t + z*t - 17*t + 7. Let h = 15 + -22. Give b(h).
0
Let p(l) = -5 + 6*l - 3*l + 2*l. Suppose 316*c - 638 - 198 = 107*c. Determine p(c).
15
Let q(i) = -i**2 + 3*i - 2. Suppose 0 = -7*z - 0 + 14. Suppose 3*t - 3 = -3*s, z*s = -s - 5*t - 3. Calculate q(s).
-6
Let u be ((-18)/16 + (-12)/(-96))*96/(-8). Let a(w) = -7*w + 54. Calculate a(u).
-30
Let o(c) = 3*c**3 + 18*c**2 + 45*c - 17. Let i(h) = 10*h**3 + 54*h**2 + 135*h - 51. Let k(f) = -2*i(f) + 7*o(f). Give k(-15).
-17
Let w(v) = -v + 3. Let c be (33/2)/(3/10). Suppose -4*y = 4, -n + 0*y + y = -c. Suppose -10*z + z = -n. Determine w(z).
-3
Let y(f) be the second derivative of f**3 - 24*f**2 - 4499*f. Calculate y(11).
18
Let j = -26519 - -26545. Let k(s) = -s**2 + 33*s - 184. Calculate k(j).
-2
Let d(c) = 52*c - 8. Suppose -3*z + 6*f = 21, -3*z - 66*f = -67*f + 1. What is d(z)?
44
Let j = -399 - -401. Let c(s) = -34*s + 0 + 6 + 17*s - 2 + s**j + 13*s. Let p = -1 - -6. Calculate c(p).
9
Let b(h) = -9*h - 124. Let v be b(-14). Let l(z) = z**2 + 11*z - z + 5*z**v - 7 - z - 5*z**2. Give l(-7).
-21
Let w(n) = -n**2 - 26*n + 69. Let a be w(-28). Suppose 0 = -a*h + 24*h - 44. Let p(u) be the second derivative of u**3/6 + 2*u**2 - 4*u. What is p(h)?
8
Let a(z) = 0*z**2 + 27*z - 38 + 13 - 37*z + 2*z**2 + z**3. Let i be a(-2). Let j(n) = -n**3 - 6*n**2 + 4. Calculate j(i).
-21
Let f be 20 + -6 + 64/8. Suppose 52 - f = 6*l. Let u(x) = x**2 + x - 1. Determine u(l).
29
Let v(z) = 6*z - 8. Suppose -b + 5*w + 27 = 0, 4*b - 15*w + 11*w = 28. Calculate v(b).
4
Let a(g) = 2*g**2 + 3*g + 11. Let m(y) = y**3 - 17*y**2 - 37*y - 19. Let l be m(19). Calculate a(l).
11
Let b(i) be the first derivative of 3*i**2/2 - 36*i - 4013. Give b(25).
39
Let f(w) = -14*w + 110 - 98 - 42. Determine f(-2).
-2
Let o(i) = -i**3 - 91*i**2 - 182*i - 363. Let u be o(-89). Let z(s) = -8*s + 18. Give z(u).
74
Let p(w) = -40*w - 4. Suppose -47 = 37*h - 84. Calculate p(h).
-44
Let m(w) = w**3 - 36*w**2 - 36*w - 40. Let u be m(37). Let q(y) = -15 - y + 0*y + 7. Give q(u).
-5
Suppose -7*o - 29 = 4*t, -12 = -5*t - 22. Let r(x) = 3*x**3 + 8*x**2 - 7*x - 9. Give r(o).
3
Let z(v) = -v + 1. Let n(u) = -4*u - 42. Let r be n(-9). Let a(g) = -g**3 - g**2 - 7*g + 8. Let l(m) = r*z(m) + a(m). Suppose 0 = -j - 0*j. What is l(j)?
2
Let i = -12 + 7. Let d(k) be the second derivative of 1/20*k**5 - 248*k + 2*k**2 + 0 + 0*k**3 + 5/12*k**4. Give d(i).
4
Let g(j) = -j**3 + 17*j + 40. Let s(m) = -4*m**3 - 9*m**2 + 51*m + 123. Let r(v) = 7*g(v) - 2*s(v). What is r(-17)?
34
Suppose -59 = 5*k - 2*w - 16, k - 3*w = -6. Let d(r) = r**2 + 9*r - 2. Let a be d(k). Let h(x) = -141 + 109 + 6*x + 32. What is h(a)?
-12
Let w(h) be the second derivative of h**3/3 + 9*h**2/2 - 7474*h. Let m = -7 + 2. Give w(m).
-1
Let k be (-2)/3*(0 + 9). Let m(r) = 1077 - 2131 - 8*r + 5*r**2 + r**3 + 1042. Calculate m(k).
0
Let y = 151 + -149. Let q(n) = 1 + 1 + n + y*n - 4*n. What is q(10)?
-8
Suppose -1186 = 128*i - 418. Let a(n) = n**3 + 5*n**2 - 11*n - 14. What is a(i)?
16
Let b(q) = -q**3 + 2*q - 1. Suppose -r - r = -5*n + 14, -4*r - 4 = 2*n. Let j be (-8)/(-14)*(11/n - 2). What is b(j)?
-5
Let q(f) = 80*f**3 + 23*f**2 - 20*f - 51. Let m(o) = 27*o**3 + 8*o**2 - 7*o - 18. Let d(s) = 17*m(s) - 6*q(s). Determine d(1).
-22
Let d be 5 - ((-396)/(-330) - (-6)/(-5)). Let h(m) = -m**3 + 7*m**2 + 2*m - 10. Calculate h(d).
50
Let a(m) = -m**3 + 5*m**2 - 6. Let n be 1 + 4 + -3 + 28*2. Suppose -f = f + n. Let u = -24 - f. Give a(u).
-6
Le